 digit of 7375080?
0
What is the hundreds digit of 3080145?
1
What is the ten thousands digit of 625381?
2
What is the hundred thousands digit of 39683618?
6
What is the tens digit of 39463745?
4
What is the millions digit of 1071980?
1
What is the ten thousands digit of 53871?
5
What is the thousands digit of 158689?
8
What is the millions digit of 6742245?
6
What is the hundred thousands digit of 1625249?
6
What is the tens digit of 2473643?
4
What is the tens digit of 173875?
7
What is the hundreds digit of 1386516?
5
What is the hundred thousands digit of 19128946?
1
What is the units digit of 18853044?
4
What is the millions digit of 7810601?
7
What is the thousands digit of 3126652?
6
What is the hundred thousands digit of 2269836?
2
What is the thousands digit of 16879823?
9
What is the hundred thousands digit of 6981830?
9
What is the units digit of 28932717?
7
What is the tens digit of 42969784?
8
What is the thousands digit of 134458?
4
What is the units digit of 20615794?
4
What is the thousands digit of 501889?
1
What is the thousands digit of 6990?
6
What is the hundreds digit of 12771492?
4
What is the hundreds digit of 309475?
4
What is the hundred thousands digit of 12679713?
6
What is the ten millions digit of 18834564?
1
What is the millions digit of 14298391?
4
What is the hundreds digit of 497402?
4
What is the thousands digit of 8694733?
4
What is the thousands digit of 849705?
9
What is the ten thousands digit of 4236971?
3
What is the thousands digit of 195993?
5
What is the units digit of 618901?
1
What is the hundred thousands digit of 3586726?
5
What is the ten thousands digit of 198513?
9
What is the hundreds digit of 7612556?
5
What is the thousands digit of 18653459?
3
What is the tens digit of 339361?
6
What is the ten thousands digit of 3060619?
6
What is the hundred thousands digit of 656096?
6
What is the hundred thousands digit of 365177?
3
What is the ten thousands digit of 163837?
6
What is the thousands digit of 57562?
7
What is the tens digit of 7074780?
8
What is the hundreds digit of 480237?
2
What is the ten thousands digit of 228501?
2
What is the thousands digit of 80363?
0
What is the ten thousands digit of 718777?
1
What is the hundred thousands digit of 2701777?
7
What is the ten millions digit of 16991369?
1
What is the units digit of 193118?
8
What is the thousands digit of 2419124?
9
What is the ten thousands digit of 344734?
4
What is the units digit of 2834953?
3
What is the hundred thousands digit of 21656806?
6
What is the hundred thousands digit of 410017?
4
What is the thousands digit of 4335?
4
What is the units digit of 759282?
2
What is the hundred thousands digit of 566772?
5
What is the hundred thousands digit of 1291507?
2
What is the hundred thousands digit of 179057?
1
What is the tens digit of 8532754?
5
What is the ten millions digit of 14711107?
1
What is the thousands digit of 1717370?
7
What is the thousands digit of 271173?
1
What is the hundred thousands digit of 499404?
4
What is the ten thousands digit of 15612465?
1
What is the hundreds digit of 4674123?
1
What is the hundred thousands digit of 678910?
6
What is the ten thousands digit of 4999196?
9
What is the hundreds digit of 2501356?
3
What is the units digit of 787722?
2
What is the tens digit of 17532071?
7
What is the units digit of 2138743?
3
What is the hundreds digit of 2872983?
9
What is the hundreds digit of 476278?
2
What is the thousands digit of 6309019?
9
What is the hundreds digit of 3358054?
0
What is the tens digit of 209215?
1
What is the ten thousands digit of 1098778?
9
What is the ten thousands digit of 1565902?
6
What is the tens digit of 13636153?
5
What is the hundreds digit of 2468621?
6
What is the hundred thousands digit of 9689934?
6
What is the thousands digit of 7272098?
2
What is the hundreds digit of 44708?
7
What is the thousands digit of 191197?
1
What is the millions digit of 15566398?
5
What is the millions digit of 1188413?
1
What is the tens digit of 9910645?
4
What is the millions digit of 1068319?
1
What is the hundreds digit of 424204?
2
What is the millions digit of 2301048?
2
What is the thousands digit of 59912?
9
What is the tens digit of 10363131?
3
What is the ten thousands digit of 22370731?
7
What is the millions digit of 1950100?
1
What is the hundred thousands digit of 862214?
8
What is the tens digit of 11147?
4
What is the thousands digit of 12056205?
6
What is the hundred thousands digit of 160842?
1
What is the hundred thousands digit of 9105270?
1
What is the units digit of 423130?
0
What is the units digit of 20924923?
3
What is the hundred thousands digit of 10394313?
3
What is the hundreds digit of 1529210?
2
What is the ten thousands digit of 911534?
1
What is the thousands digit of 1575139?
5
What is the millions digit of 1762358?
1
What is the thousands digit of 406360?
6
What is the millions digit of 1647984?
1
What is the millions digit of 1291638?
1
What is the millions digit of 3907676?
3
What is the units digit of 936572?
2
What is the thousands digit of 1765126?
5
What is the thousands digit of 69163?
9
What is the thousands digit of 14591929?
1
What is the millions digit of 2972605?
2
What is the hundreds digit of 207423?
4
What is the thousands digit of 2406359?
6
What is the tens digit of 297485?
8
What is the hundred thousands digit of 318874?
3
What is the ten thousands digit of 40249?
4
What is the thousands digit of 115524?
5
What is the thousands digit of 361546?
1
What is the hundreds digit of 307419?
4
What is the thousands digit of 129888?
9
What is the tens digit of 29241650?
5
What is the tens digit of 27669767?
6
What is the units digit of 136674?
4
What is the units digit of 10847718?
8
What is the hundreds digit of 62872?
8
What is the tens digit of 188773?
7
What is the millions digit of 2393086?
2
What is the units digit of 424576?
6
What is the tens digit of 662844?
4
What is the hundred thousands digit of 449209?
4
What is the ten thousands digit of 33661?
3
What is the ten thousands digit of 3696966?
9
What is the hundred thousands digit of 6799604?
7
What is the hundred thousands digit of 265869?
2
What is the ten thousands digit of 34193?
3
What is the ten thousands digit of 352580?
5
What is the hundreds digit of 27116?
1
What is the millions digit of 9603784?
9
What is the hundreds digit of 23224358?
3
What is the tens digit of 124680?
8
What is the ten thousands digit of 8577966?
7
What is the millions digit of 1147049?
1
What is the hundred thousands digit of 1252116?
2
What is the hundred thousands digit of 1405516?
4
What is the millions digit of 12065619?
2
What is the hundreds digit of 9694410?
4
What is the hundred thousands digit of 276276?
2
What is the ten thousands digit of 86677?
8
What is the ten thousands digit of 7700025?
0
What is the thousands digit of 1888826?
8
What is the ten thousands digit of 711136?
1
What is the units digit of 18046951?
1
What is the tens digit of 7562071?
7
What is the thousands digit of 497071?
7
What is the hundreds digit of 3799745?
7
What is the hundred thousands digit of 5073658?
0
What is the ten thousands digit of 13959365?
5
What is the tens digit of 512327?
2
What is the thousands digit of 349819?
9
What is the ten millions digit of 37235466?
3
What is the hundreds digit of 948292?
2
What is the units digit of 64767?
7
What is the units digit of 7393076?
6
What is the ten thousands digit of 681065?
8
What is the hundred thousands digit of 1290953?
2
What is the ten thousands digit of 2175677?
7
What is the units digit of 1252145?
5
What is the tens digit of 430001?
0
What is the hundreds digit of 150168?
1
What is the units digit of 402454?
4
What is the thousands digit of 1014598?
4
What is the units digit of 41693833?
3
What is the tens digit of 1839344?
4
What is the hundreds digit of 2765?
7
What is the tens digit of 3501910?
1
What is the units digit of 14468462?
2
What is the millions digit of 2802282?
2
What is the millions digit of 1736936?
1
What is the tens digit of 1650218?
1
What is the tens digit of 256735?
3
What is the millions digit of 4875006?
4
What is the tens digit of 233156?
5
What is the units digit of 371090?
0
What is the units digit of 379230?
0
Wha